r of b and 2.
2
Suppose -15 = -2*i - 3*i. Suppose -i*q = -30 - 51. Calculate the greatest common factor of 18 and q.
9
Let p(g) = -39*g + 1. Let z be p(-1). Calculate the highest common factor of z and 440.
40
Let p = 6 + -13. Let d be ((-2)/2)/(1/p). Calculate the greatest common divisor of d and 63.
7
Let i(n) = -n + 3. Let s be i(3). Suppose 3*a + 2*a + 20 = s. Let r = a + 14. Calculate the greatest common factor of r and 10.
10
Let j be (-7 - -1)*(-8)/(-3). Suppose 0 = -k + 3*q - 19, 4*q + q = -2*k - 71. Let a = j - k. What is the greatest common factor of a and 60?
12
Let b(c) = -c**3 - 5*c**2 + 4*c + 8. Let f be b(-7). Calculate the greatest common divisor of 104 and f.
26
Let w(d) = d**2 + 12*d + 20. Let c be w(-11). Calculate the greatest common divisor of 36 and c.
9
Let m be (-1 + (-2)/(-3))*-15. Let j(q) = 2*q**3 - 3*q - 2 + q**3 - 2*q**3 + 0. Let f be j(4). What is the greatest common factor of f and m?
5
Suppose -4*t + 51 = 5*l, -2*l + 4*t - 3 + 1 = 0. Let p(a) = 2*a**2 + 4*a + 7. Let z be p(-7). What is the greatest common divisor of l and z?
7
Suppose 5*r = 5*a + 445, -a + 0*a + 87 = r. Suppose 28 - r = -5*i. Let o = -46 + 49. Calculate the greatest common factor of o and i.
3
Suppose 4*f - 17 = 3*f. Calculate the greatest common factor of 136 and f.
17
Let u be -1*(2 + -1)*-17. Suppose -p + 2*t = -2, -2*t = 2*p + 3*p + 2. Suppose s - 136 = -p*s. Calculate the highest common factor of u and s.
17
Let l be (10/(-4))/(7/(-14)). Calculate the highest common factor of 35 and l.
5
Let g = 6 - 3. Suppose 0 = 5*t - 20, 0*w = 2*w - g*t - 8. Calculate the highest common factor of w and 15.
5
Suppose 6*h = 8*h - 46. What is the highest common divisor of h and 23?
23
Let j be ((-3)/(-2))/((-2)/(-16)). Suppose -35 = 3*z - 2*o, -o = z - 3*o + 13. Let n = z + 29. Calculate the greatest common factor of n and j.
6
Let l = 3 - -1. Let y(n) = -n**3 + 6*n**2 - 5*n - 3. Let q be y(l). Calculate the highest common divisor of 36 and q.
9
Suppose -3*d = -d - 54. Let m = 724 - 715. What is the greatest common factor of d and m?
9
Let a be ((-3)/(-15))/(3/645). What is the greatest common divisor of 215 and a?
43
Let n(q) = 24*q - 64. Let f be n(5). Calculate the highest common factor of f and 7.
7
Suppose 0 = 5*c - 2*t - 162, -3*c + 4*c + 2*t - 30 = 0. Calculate the highest common divisor of 80 and c.
16
Let f = 45 + -10. Suppose 25 = 4*h - g, 3*g + 41 = 5*h + 1. Let v be -4*((-70)/4)/h. Calculate the highest common factor of f and v.
7
Let h be 4/10 + (-399)/(-15). Suppose -4*c = -c - h. Suppose 0 = -4*f + 43 - 7. What is the greatest common factor of c and f?
9
Let m = 13 + -10. Suppose 416 = m*z + z. Calculate the highest common factor of z and 13.
13
Let n be 2 + 74*(-1)/(-2). Suppose -98 = 2*z - 5*y, 4*z + 146 = -2*y - 2. Let q = -26 - z. Calculate the highest common factor of q and n.
13
Let y = 5 + 20. What is the greatest common divisor of 10 and y?
5
Let f = -5 - -8. Let l(x) = x**3 - 3*x**2 + x - 3. Let h be l(f). Suppose -s = -h*s - 12. Calculate the highest common factor of s and 3.
3
Suppose -3*d = -4*d + 5. Calculate the greatest common factor of d and 2.
1
Let k be 6/9*(-6)/(-4). Let s be (3/(-9))/(k/(-9)). Suppose 0 = n - 4*n + s. What is the highest common factor of 8 and n?
1
Let z(y) = -y**2 + 1. Let l be z(0). Suppose -4*k = 2*c - 30 - 10, 26 = 2*k - 2*c. What is the highest common divisor of l and k?
1
Let k(t) = -t**3 + 5*t**2 + 6*t + 4. Suppose 4*p = 16 + 8. Let y be k(p). Suppose -11 - 9 = -y*z. Calculate the greatest common divisor of 35 and z.
5
Let u be (-120)/(-4)*1/2. Calculate the greatest common divisor of u and 6.
3
Suppose -93 = -j - 86. Let x(n) = -n**3 + 7*n**2 - 2*n + 4. Let o be x(6). Calculate the greatest common factor of j and o.
7
Suppose 0 = u - 2*r - 0*r - 2, 8 = u + r. What is the greatest common factor of u and 3?
3
Let y = 10 + -2. Let d = 9 + -6. Suppose 352 = 7*n - d*n. What is the greatest common divisor of y and n?
8
Let t(n) = n**3 - 5*n**2 + 5. Let g = 16 + -11. Let j be t(g). What is the highest common factor of j and 35?
5
Let z(b) = -33*b**3 - b**2 - 2*b - 2. Let y be z(-1). What is the greatest common divisor of 24 and y?
8
Suppose 2*c = 2*s - 220, 2*c = -3*s + 3*c + 322. Calculate the highest common factor of s and 159.
53
Suppose 3*n + n = -16. Let y be ((-4)/(-6))/(n/180). Let w be 8/(((-4)/y)/2). Calculate the greatest common divisor of w and 15.
15
Let m(o) = -o**3 + 3*o**2 + 3*o + 87. Let i be m(0). What is the greatest common divisor of 29 and i?
29
Let o be -39*9/(27/(-10)). Calculate the highest common divisor of o and 52.
26
Let q(z) = 2*z**3 - 4*z**2 - 5*z - 5. Suppose -9*i = -7*i - 10. Let p be q(i). Suppose k = 2*k - 15. Calculate the greatest common factor of k and p.
15
Let q = 15 - -27. What is the greatest common divisor of 6 and q?
6
Let x(d) = -4*d + 26. Let j be x(1). Let b = 51 + 4. What is the highest common divisor of j and b?
11
Let c(v) be the third derivative of -v**5/60 - 5*v**4/24 + v**2. Let q be c(-3). Suppose -2*r + 12 = r. What is the highest common divisor of r and q?
2
Suppose 2*t + 600 = 6*t. Suppose 4*d = -d - t. Let k be d/(-9)*6 + -2. What is the greatest common divisor of k and 36?
18
Let d(s) be the first derivative of -s**3/3 - 7*s**2/2 - 5*s + 3. Let o be d(-5). What is the greatest common factor of o and 20?
5
Let f(t) = -8*t**2 + t - 2. Let v(w) = -3*w**2 - 1. Let m(n) = 4*f(n) - 11*v(n). Let p be m(4). Calculate the highest common factor of p and 5.
5
Let z(g) = 2*g + 13. Let w be z(-7). Let u(r) = -88*r. Let l be u(w). Calculate the greatest common factor of l and 11.
11
Let p be (-14)/3*48/(-28). What is the highest common factor of 32 and p?
8
Let c = -30 + 4. Let f = -18 - c. Calculate the greatest common factor of 24 and f.
8
Suppose -5*o + 55 = -35. What is the highest common factor of 12 and o?
6
Suppose -22 = 4*f - 6*f. What is the highest common divisor of 11 and f?
11
Suppose -2*f - 430 = -2*s, 0*f = -3*f + 5*s - 647. Let u = f + 146. Let x be (-6)/(-30) + u/(-10). Calculate the greatest common factor of x and 63.
7
Let o(s) = -s**3 + s**2 + 2*s + 19. Let c be o(0). Calculate the highest common divisor of 19 and c.
19
Let u = 6 - 6. Let f(a) = a + 17. Let w be f(u). Calculate the highest common factor of w and 34.
17
Let b = -5 - -9. Suppose -c = -b*r - 8, 3*c = -0*c + 4*r. Let o be -2*(-1)/(c/(-22)). What is the greatest common factor of 121 and o?
11
Suppose 4*n - 23 - 5 = 0. What is the greatest common divisor of n and 7?
7
Let a be (3 - 4) + (-3)/(-1). Suppose 0 = -y + h + 2, y - 8 = 2*y + h. Let x = y - -9. What is the highest common factor of x and a?
2
Let l(m) = m**2 + 6*m + 2. Let h be l(-3). Let p be 1/h - (-176)/7. Let b(x) = x**2 - 4*x - 2. Let d be b(6). Calculate the greatest common divisor of d and p.
5
Let k(v) = -4*v - 54. Let x be k(-20). What is the highest common factor of 130 and x?
26
Suppose -5*n - 5 - 5 = 2*t, -4*t - 20 = 0. Suppose 3*q - 353 - 199 = n. Let x(p) = -11*p - 10. Let v be x(-3). Calculate the greatest common factor of q and v.
23
Suppose f = -1 - 3. Let c be (-13)/(3 + f + 0). Let t = 92 + 12. Calculate the highest common divisor of t and c.
13
Let f(d) = -d**3 + d**2 - d. Let x be f(-3). Suppose 5*k = -3*j + x, 4*k + 3 = 3*k. Calculate the greatest common divisor of j and 54.
18
Let s be 2/(-9) + (-44)/(-36). Suppose 3 = f - 20. Let n = 32 - f. What is the highest common divisor of s and n?
1
Suppose 2*r + 4 = 3*r. Suppose -r*j + 30 = -2. Suppose 0 = 3*c + 5*d - 40, -10 - 34 = -2*c + d. What is the highest common factor of c and j?
4
Let j(r) = -r**2 - 9*r - 2. Let d = -16 - -9. Let v be j(d). Calculate the greatest common divisor of v and 96.
12
Let l = 22 - 50. Let w = 45 + l. Let s = 34 - w. What is the greatest common factor of s and 68?
17
Let l(b) = -13*b - 1. Let z be l(-1). Calculate the highest common factor of z and 8.
4
Let b(i) = i**3 - i**2 - i + 17. Let w(l) = l + 2. Let x be w(-2). Let y be b(x). What is the highest common divisor of 17 and y?
17
Let a be 2/((-2)/14*-2). Suppose -2*v + 3*h = -6*v + 19, -5*h = 2*v - 13. Suppose k + 0*k + 4 = 0, b = v*k + 65. What is the greatest common factor of b and a?
7
Let t be 5*1/(-3)*-3. Suppose -5*u + 264 = 64. What is the greatest common factor